What is -42d (base 16) in base 15?
-4b4
What is 288 (base 9) in base 16?
f2
Convert 1933 (base 11) to base 7.
10106
What is 1432413 (base 5) in base 8?
73226
Convert -5a1 (base 11) to base 5.
-10331
Convert 10320 (base 5) to base 9.
868
What is 624 (base 14) in base 2?
10010111000
What is 30267 (base 11) in base 9?
66613
-163401 (base 7) to base 11
-22410
-2249 (base 15) to base 3
-100222020
What is -1040 (base 7) in base 14?
-1c7
3029 (base 10) to base 3
11011012
What is -1011 (base 3) in base 12?
-27
Convert -101111101110010 (base 2) to base 7.
-131144
What is -1a5 (base 16) in base 12?
-2b1
Convert 61630 (base 7) to base 3.
202122221
Convert 2a0 (base 11) to base 16.
160
Convert 164d (base 14) to base 7.
14426
What is -240474 (base 8) in base 10?
-82236
14802 (base 12) to base 13
10157
52044 (base 8) to base 11
15202
13212121 (base 4) to base 5
1444004
Convert 4bb7 (base 15) to base 16.
3f13
-26203 (base 8) to base 4
-2302003
Convert -35a1 (base 12) to base 6.
-43521
What is -78d (base 16) in base 13?
-b59
What is -2722 (base 8) in base 4?
-113102
Convert 5374 (base 8) to base 13.
1384
7928 (base 10) to base 2
1111011111000
Convert 221102200 (base 3) to base 9.
27380
Convert -2b6 (base 12) to base 10.
-426
-7d7 (base 16) to base 9
-2670
Convert 10110102 (base 3) to base 13.
11c0
What is 1140 (base 7) in base 6?
1540
What is 1001100110100 (base 2) in base 10?
4916
What is 68880 (base 9) in base 7?
250605
-5422 (base 13) to base 16
-2da9
Convert 1333201 (base 5) to base 6.
330221
What is 36b6 (base 14) in base 4?
2111200
113520 (base 7) to base 8
50020
Convert 11a0 (base 12) to base 5.
30432
-53063 (base 7) to base 4
-3030113
56d (base 15) to base 10
1228
-1376 (base 9) to base 15
-496
-1f71 (base 16) to base 11
-6058
Convert 32055 (base 8) to base 2.
11010000101101
Convert -156a4 (base 12) to base 10.
-30364
-55104 (base 8) to base 4
-11221010
-21201 (base 4) to base 8
-1141
Convert 11212 (base 6) to base 9.
2158
Convert -4146 (base 7) to base 3.
-1222220
-122b (base 15) to base 13
-19b5
What is 23720 (base 14) in base 13?
30481
Convert 20022 (base 4) to base 6.
2230
What is -2122 (base 6) in base 7?
-1256
What is -2198 (base 13) in base 6?
-33412
Convert 200210 (base 3) to base 9.
623
Convert -1307 (base 13) to base 12.
-169b
23001 (base 7) to base 9
8000
What is a6c (base 15) in base 10?
2352
-101001001101 (base 2) to base 7
-10455
What is -10110000 (base 2) in base 14?
-c8
-133202 (base 4) to base 2
-11111100010
-55722 (base 8) to base 16
-5bd2
What is 1415 (base 7) in base 15?
26b
-1111010101 (base 2) to base 7
-2601
What is 668 (base 15) in base 2?
10110101000
Convert 164 (base 12) to base 8.
334
What is -1e41 (base 16) in base 12?
-4595
What is 145 (base 8) in base 16?
65
-25626 (base 7) to base 14
-26bd
What is 453 (base 6) in base 14?
c9
What is -1b5 (base 13) in base 2?
-100111101
861 (base 9) to base 11
58a
What is -243110 (base 6) in base 10?
-21426
401 (base 5) to base 10
101
What is -803 (base 12) in base 14?
-5c7
6501 (base 9) to base 6
34044
272 (base 9) to base 6
1015
Convert 1121020 (base 3) to base 12.
813
7698 (base 14) to base 3
1001010221
What is 12b (base 13) in base 7?
413
Convert -10010 (base 9) to base 11.
-4a33
-15661 (base 7) to base 3
-20002221
Convert 3630 (base 10) to base 11.
2800
-1012210 (base 3) to base 8
-1565
-14049 (base 11) to base 12
-b702
Convert -304030 (base 5) to base 7.
-40556
-32a (base 15) to base 9
-874
83431 (base 9) to base 10
55027
32001 (base 5) to base 3
2220202
Convert 1427 (base 11) to base 2.
11100110100
What is -398 (base 11) in base 14?
-258
What is -3010 (base 5) in base 10?
-380
-101000101110 (base 2) to base 11
-1a5a
-136505 (base 7) to base 14
-983c
-132121 (base 4) to base 6
-13001
ed0c (base 16) to base 5
3420214
What is -403 (base 10) in base 2?
-110010011
What is 15420 (base 7) in base 8?
10346
Convert -228f (base 16) to base 13.
-4047
-3 (base 11) to base 15
-3
What is 3a67 (base 12) in base 8?
15057
Convert -1101111101 (base 2) to base 15.
-3e8
2612 (base 10) to base 9
3522
44b06 (base 12) to base 9
148386
Convert 6b6b (base 13) to base 3.
202202101
1810 (base 12) to base 11
219a
What is -1232030 (base 4) in base 14?
-27da
What is 10deb (base 16) in base 10?
69099
Convert -6544 (base 7) to base 3.
-10012111
Convert -5142 (base 6) to base 4.
-101312
-82a (base 12) to base 3
-1121221
1112212 (base 3) to base 6
5122
Convert 200 (base 14) to base 9.
475
-741 (base 12) to base 9
-1404
What is -7262 (base 9) in base 2?
-1010011001001
Convert -552 (base 15) to base 14.
-61c
What is -100110010010101 (base 2) in base 7?
-111105
What is -216 (base 15) in base 13?
-2a3
What is 16807 (base 9) in base 4?
2311012
What is 22525 (base 6) in base 10?
3221
Convert 44342 (base 6) to base 8.
14046
What is -d29 (base 15) in base 9?
-4053
Convert 895 (base 10) to base 8.
1577
What is 1134240 (base 5) in base 8?
51313
What is 80 (base 13) in base 3?
10212
1111111101 (base 2) to base 3
1101211
Convert -10322 (base 5) to base 4.
-23020
1453 (base 8) to base 3
1010001
What is -15d8 (base 16) in base 11?
-4224
-1000111001001 (base 2) to base 7
-16163
What is -310 (base 15) in base 13?
-411
Convert -6365 (base 7) to base 9.
-3072
What is 1421 (base 5) in base 2?
11101100
Convert -101011010011 (base 2) to base 7.
-11036
-1111222 (base 3) to base 8
-2122
424141 (base 5) to base 3
201121111
Convert -886 (base 16) to base 9.
-2884
-13230 (base 5) to base 6
-4533
What is -66 (base 14) in base 6?
-230
-20cc (base 14) to base 5
-140133
What is -6294 (base 16) in base 6?
-312500
-202002200 (base 3) to base 5
-432102
What is -21121002 (base 3) in base 15?
-1992
Convert -1120 (base 4) to base 9.
-107
What is 17849 (base 10) in base 12?
a3b5
Convert 24201 (base 6) to base 12.
2061
What is 307 (base 11) in base 16?
172
What is -69 (base 15) in base 6?
-243
What is 21332220 (base 4) in base 9?
62053
What is 40a8 (base 11) in base 12?
3196
-267c (base 15) to base 16
-2019
Convert -7d (base 16) to base 12.
-a5
33001 (base 4) to base 11
7a4
What is -7098 (base 14) in base 7?
-110251
-330 (base 12) to base 11
-396
-23281 (base 9) to base 11
-10751
Convert -3139 (base 10) to base 12.
-1997
-1a81 (base 12) to base 10
-3265
Convert -e8d (base 15) to base 5.
-101113
4681 (base 12) to base 5
222443
321 (base 12) to base 16
1c9
1079 (base 10) to base 15
4be
What is -22232 (base 4) in base 11?
-574
23d (base 16) to base 8
1075
Convert 14027 (base 12) to base 3.
1101222011
What is 39bc (base 15) in base 6?
133023
What is -110001101010011 (base 2) in base 11?
-18116
6436 (base 8) to base 14
131c
Convert -710 (base 9) to base 4.
-21000
Convert ed63 (base 15) to base 11.
34849
-100001111 (base 2) to base 12
-1a7
16206 (base 7) to base 2
1000111010011
Convert 14f0 (base 16) to base 7.
21425
-276 (base 16) to base 7
-1560
Convert -100010001 (base 2) to base 10.
-273
-701 (base 13) to base 12
-828
Convert -10110000001 (base 2) to base 9.
-1835
241 (base 7) to base 3
11201
-1655 (base 10) to base 8
-3167
Convert -23410 (base 5) to base 10.
-1730
What is -11421 (base 8) in base 4?
-1030101
Convert -20599 (base 11) to base 10.
-29995
101200121 (base 3) to base 16
1e70
What is 13128 (base 9) in base 15?
2955
Convert 110000110100 (base 2) to base 15.
dd4
c (base 16) to base 13
c
What is -2305 (base 7) in base 14?
-43c
Convert 10304421 (base 5) to base 3.
11110212101
What is 2c (base 15) in base 9?
46
Convert 34c (base 16) to base 12.
5a4
Convert 20106 (base 7) to base 14.
1aad
Convert 4f (base 16) to base 4.
1033
-634 (base 10) to base 14
-334
335 (base 7) to base 11
148
-5cde (base 16) to base 4
-11303132
-4038 (base 11) to base 13
-2599
-2270 (base 15) to base 9
-11016
Convert -919 (base 10) to base 14.
-499
Convert 810 (base 11) to base 2.
1111010011
What is 4e (base 15) in base 13?
59
What is 4043 (base 9) in base 6?
21403
What is 2414143 (base 5) in base 11?
3082a
Convert -1010220 (base 3) to base 15.
-3a9
332 (base 13) to base 11
459
-2bc6 (base 14) to base 2
-1111010001010
What is -11011 (base 2) in base 6?
-43
-2775 (base 9) to base 5
-31333
What is -16918 (base 14) in base 7?
-324131
-2994 (base 13) to base 14
-22b2
1445525 (base 6) to base 9
137468
-24c (base 13) to base 11
-336
What is -141720 (base 8) in base 6?
-1024024
